prime factors of (12/10)/(82/12505)?
3, 61
Let z(t) = 2*t**2 + t - 1. Let v be z(-2). Suppose -5*x - 3*c + 267 = 0, 4*c + v = -c. What are the prime factors of (-6)/27 + 282/x?
5
Let d be (3 + -2)/((-2)/(-302)). List the prime factors of (d - 2) + 3 + 0/(-2).
2, 19
Let t = 336 + -330. Let q(l) = -1 - 6 + 7*l + 0. What are the prime factors of q(t)?
5, 7
Let u be (1 - 8/1)*(-5 + -23). Suppose 989 = 13*s + u. List the prime factors of s.
61
Let c(u) = -56*u + 1. Let i be c(1). Let n = 57 + i. List the prime factors of n.
2
Let a(o) = 5*o**3 + 10*o**2 - 3*o + 7. Let p(r) = r**3 + r**2 + 1. Let b(u) = a(u) - 4*p(u). Let f be b(-6). Suppose 0*s + s = f. List the prime factors of s.
3, 7
Let b = 143 - -3169. List the prime factors of b.
2, 3, 23
Let c(x) = 105*x**2 + 12*x - 42. List the prime factors of c(5).
3, 881
Let n(k) = 21*k**2 + 4*k. Let m be n(-2). Let x = -44 + m. What are the prime factors of x?
2
Let c = -1944 + 2728. Suppose 0 = -34*k + 30*k + c. What are the prime factors of k?
2, 7
Let d be -234*((-1)/2)/(-1). Let x = -37 - d. What are the prime factors of x?
2, 5
Let s = 900 - 161. List the prime factors of s.
739
Suppose 0 = -x + 2 + 2. Let o be x/14 + 608/28. Suppose -23 = -5*y + o. What are the prime factors of y?
3
Let u(k) = k**3 - k**2 - 324. Let q be u(0). What are the prime factors of (q/(-60))/((-1 + -1)/(-30))?
3
Let t = 8 + -15. Let v(m) = m**3 + 6*m - 7*m + 5*m + 10 + 0*m + 8*m**2. What are the prime factors of v(t)?
31
Let o = 1 - 11. Let y = 35 + o. What are the prime factors of y?
5
Suppose -5*k + 27 = -k + 5*u, 0 = 4*k + 2*u - 30. Let c = k + -6. Suppose 8 = c*w - 0, 0 = 3*b - w - 74. List the prime factors of b.
2, 13
Suppose 3*a - 6*a + 42 = 0. Let f = -14 + a. List the prime factors of -3 - (3 + f + -26).
2, 5
Let y = -34 - -37. List the prime factors of y/12 + (-57)/(-12).
5
Let t = -1181 - -4472. List the prime factors of t.
3, 1097
Suppose -2*z + 54 = -8*z. What are the prime factors of (2 + z/6)*(192 - -2)?
97
Suppose -545*q = -516*q - 149988. What are the prime factors of q?
2, 3, 431
Let m(i) = -9*i + 3 + 65*i + 3 - 5. What are the prime factors of m(2)?
113
Suppose -127*i + 2676 = -124*i. List the prime factors of i.
2, 223
Suppose y = -0*y - 1. List the prime factors of (60 - 13) + (0 - y).
2, 3
Let a(v) = -v**3 - 9*v**2 + 11*v + 4. Let b be a(-10). List the prime factors of 9/b*410/(-15).
41
Let q(z) = -3*z + 22. Suppose -2*m + 16 = 3*h, 3*m + 15 = 3*h - h. Let p be q(h). Suppose 3*d = -p*y + 196, -d - 3*y = 3*d - 266. List the prime factors of d.
2, 17
Let v = 5434 - 3829. What are the prime factors of v?
3, 5, 107
List the prime factors of (-60)/12 - 734/(-1).
3
Let c = 1205 - 500. What are the prime factors of c?
3, 5, 47
Let t be ((-8)/2)/(6 - 8). Suppose -t*p - 3 = -5*p. Let a(h) = 27*h**2. What are the prime factors of a(p)?
3
Suppose 2*l - 321 = -i + 26, 3*l = -2*i + 697. What are the prime factors of i?
353
Suppose -5*h + 7429 = -1586. List the prime factors of h.
3, 601
Let g(w) be the second derivative of w**4 + w + 0 + 1/6*w**3 + 8*w**2 + 1/20*w**5. What are the prime factors of g(-12)?
2
Let q be 7 + (2 + -4)*-2. Suppose -10*c = -q*c + 8. Suppose 4*z = c, -3*z - 213 = -5*g - 7*z. List the prime factors of g.
41
Let c be (-10)/25 - (0 - 282/5). What are the prime factors of c/6*(-21)/(-2)?
2, 7
Let b = 21 + 7. Let m be (0 - -1 - 1) + -7. List the prime factors of (-38)/m - 12/b.
5
Let d be -6 + 0/(7 + -3). Let n(y) = 4*y**2 + 5*y - 5. List the prime factors of n(d).
109
Let k = -26 - -27. Let j(n) = 0 + 0 + 10*n. List the prime factors of j(k).
2, 5
Suppose -3*x + 605 = 5*d, 3*x = 3*d + 343 + 254. What are the prime factors of x?
2, 5
Suppose q - 2*q + 2*x = 2, 0 = 3*x - 6. Suppose 3*b + 3*t - 42 = q*b, 0 = -5*b - t + 252. List the prime factors of b.
3, 17
Let m = -1756 - -3450. What are the prime factors of m?
2, 7, 11
Suppose -38 = -2*s + 2*b, 3*s + 14*b - 9*b = 49. Suppose -4*u - 81 = -5*a, -2*u + 6*a - 53 = a. Let v = u + s. List the prime factors of v.
2
Let o = -1099 + 1942. What are the prime factors of o?
3, 281
Suppose 2*j = o - 2*j + 87, 411 = -5*o - 4*j. Let x = 163 - o. List the prime factors of x.
2, 3, 41
Let f be (1 - 8)/(1 - 0). Let h = f + 10. Suppose 5*a + h*u = 32, 2*a = -3*u - 0*u + 20. List the prime factors of a.
2
Suppose -5*v - 396 = -16*v. What are the prime factors of 4018/18 - v/162?
223
Suppose 6*o - 1658 - 6340 = 0. What are the prime factors of o?
31, 43
Let q(n) = -n + 1. Let x(y) = -2*y**2 + 19*y - 14. Let i(t) = 5*q(t) + x(t). Let b be 448/77 + (-2)/(-11). List the prime factors of i(b).
3
Let c(v) be the first derivative of -v**3/3 - 21*v**2/2 + 10*v + 12. What are the prime factors of c(-11)?
2, 3, 5
Let j(m) = 16*m + 2*m**2 - 6*m - 16*m + 54. What are the prime factors of j(12)?
2, 3, 5
Suppose -46 = 4*w - 4*o + o, 0 = 5*w + 3*o + 44. Let v = -6 - w. Let f = v + 1. What are the prime factors of f?
5
Let s = -58 - -32. Let m = -25 - s. List the prime factors of 20 + -22 + 8 + m.
7
What are the prime factors of (4 + -5)/1 + 733?
2, 3, 61
Let k be (-1 - -1072)/3 - -1. Suppose -16 + k = 9*j. List the prime factors of j.
2, 19
Suppose -5*l + 4*l = -j + 3, 3*j - 10 = 2*l. Suppose 5*x + 25 = 0, j*r + 2*x = 6*x + 76. List the prime factors of r.
2, 7
Suppose v + 3 = -0*v - g, -4*g - 12 = 2*v. Suppose 5*u + 2*n - 260 = v, 3*n = -u + 5*n + 52. List the prime factors of u.
2, 13
Suppose 24 = 4*u - 3*f, 4*u + 5*f + 3 = -5. Let p(o) = o**3 - o**2 - 5*o + 2. What are the prime factors of p(u)?
5
Let b(t) = -79*t - 7. Let a be b(-5). Suppose 0 = -5*m - 63 + a. Suppose -3*v = -8*v + m. What are the prime factors of v?
13
Let z(m) = -m**2 - m + 1 + m + 7*m - 15. Let g be z(5). List the prime factors of (15/g)/((-5)/40).
2, 3, 5
Suppose -4*s = z, s = 3*s - z. Suppose s = -5*o - 3*f - 8, o = 4*f - 9 - 11. Let m = 7 + o. What are the prime factors of m?
3
Suppose 6*u - 2*u + p = 840, -20 = -5*p. List the prime factors of u.
11, 19
Let o = 10 - 8. Suppose -k + 669 = o*k. List the prime factors of k.
223
Let q(v) = 5*v**2 + 9 - 4*v - 2*v - 4 + v**3 + 10*v. Suppose 0*y + 2*z = -3*y - 4, -20 = -5*z. What are the prime factors of q(y)?
5
Suppose -4*z + 4170 = -5*d - 1090, 0 = 4*d. List the prime factors of z.
5, 263
Suppose 2*t - 5*l = 1657, -712 = -t - 3*l + 122. What are the prime factors of t?
3, 277
Suppose 6*s - 3*s + 4*b = 946, 314 = s + 2*b. What are the prime factors of s?
2, 3, 53
Suppose l - 2*l + 3*a + 2710 = 0, -5*l - a = -13550. What are the prime factors of l?
2, 5, 271
Let d = -476 + 765. What are the prime factors of d?
17
Let x = 165 + -82. Let z = -30 + x. What are the prime factors of z?
53
Suppose -6 = 3*z - 3*x, 2*z + 4*x - 12 = 14. Suppose -w + 64 = -0*w + 3*r, 0 = -z*w - 4*r + 182. List the prime factors of w.
2, 29
Let k = -5 + 10. Suppose k*j - 198 = 2*j. What are the prime factors of j?
2, 3, 11
Suppose 5*z = 10 + 15. Suppose -g + k = -39, -z*g - 3*k + 155 = 2*k. What are the prime factors of g?
5, 7
Let p = 282 + -143. List the prime factors of p.
139
Suppose -5*g + 33 = 4*l, -4*l - 2*g - 8 + 26 = 0. What are the prime factors of (l + (-76)/(-12))*3?
5
Suppose q + 86 - 16 = 3*w, w = -5*q + 50. Suppose -3*t + 3*p + w = 4*p, 0 = 2*t + p - 18. Let z(r) = -r**2 + 13*r - 4. What are the prime factors of z(t)?
2, 19
Let z be (-3)/(((-15)/20)/(-1)). Let l(h) = -4*h**3 + 3*h**2 + 12*h + 10. What are the prime factors of l(z)?
2, 7, 19
Let u be (-1)/(-1)*(3 + 0). What are the prime factors of u/(-1) - -1 - -66?
2
Let i be (7/2 - 2)/(3/212). Suppose q - j - i = -2*j, -5*j = -3*q + 342. What are the prime factors of q?
109
Let z(k) = k**3 - 10*k**2 + 19*k - 84. List the prime factors of z(22).
2, 37, 83
Suppose 2*z = -4*n - 16, 4*n - 7*n - 11 = z. Suppose -4*q + m = 35, -7*m + 13 = -2*q - 2*m. What are the prime factors of (z/(-4))/(q/(-864))?
2, 3
List the prime factors of 1760/(-33)*(-39)/2.
2, 5, 13
Let w(i) = i**2 + 10*i + 7. Let h be w(-7). List the prime factors of (-636)/h - 8/(-14).
2, 23
Let x be (-12)/(-4) + 1 + -1. Let s(u) = -x*u + 15 + 0*u - 10. List the prime factors of s(-3).
2, 7
Suppose 2*v = -3*q + 359, v - 3*q + 893 = 6*v. What are the prime factors of v?
2, 89
Let q(g) = -5*g**3 - 4*g**2 + 17*g + 9. List the prime factors of q(-8).
7, 311
List